e of -1 + 0 - ((24 - 20) + 13)?
-18
Evaluate 6 + (6 - 4) - (4 + 3).
1
Evaluate 13 - (-38 + 50) - (1 + -1 + 2).
-1
Calculate (9 - 17) + (4 - (1 + 1)).
-6
Calculate 9 - ((4 - -2) + 2 + -16 - -19).
-2
-4 - (-3 + (-5 + 6 + -12 - -2))
8
7 + 19 - -7 - 19
14
-7 - -28 - 14 - 14
-7
Calculate -44 + (77 + -45 - 8).
-20
Evaluate (3 + -11 - -11) + -17 - (2 - 8).
-8
Calculate (15 - 36) + 0 - -30.
9
What is the value of 1 + (4 - -8) + (33 - 18)?
28
Calculate -12 - (39 + 3 - 18).
-36
Calculate -1 + 6 + -15 + (21 - 21).
-10
What is the value of -1 - 3 - 12 - -33?
17
(8 - (15 - 10)) + 7 + 0
10
Evaluate -50 + 65 - (5 - 0).
10
Evaluate -2 - -14 - (-238 - -231).
19
What is (-15 - -84 - 43) + -45?
-19
What is 10 + (8 + 6 - 7) + -10?
7
Calculate 5 - (-10 - 7) - 6 - 50.
-34
Calculate (-6 - -14) + -3 + -2 + (2 - -3).
8
-11 - -5 - (82 + -108)
20
(-2 - 27) + (-10 - (-4 - 1))
-34
Calculate (-4 - ((14 - 5) + -17)) + -6.
-2
-9 + (5 - (-1 + -4) - 2)
-1
25 + (18 - 15 - 37) - (-13 - 1)
5
1 + 6 + -3 + -16 + 2
-10
Evaluate 32 + (5 - (37 + 5)).
-5
What is (-45 + 56 - (2 + 1)) + 4 + -10?
2
What is the value of 30 - (-21 + 1 - -37)?
13
What is the value of (1 - -15) + -1 + 32 + -25?
22
-11 - (-11 - -14 - 4) - -12
2
Calculate (10 - (4 + -10 - -27 - 4)) + 21.
14
What is the value of (5 - 8) + -2 + 3 + 10 + -10?
-2
Evaluate (52 - 43) + (0 - 14).
-5
What is the value of -1 - 0 - (-62 + 43)?
18
What is the value of 22 + -23 - (5 - (-3 - -1))?
-8
(-8 + 4 - -6) + 7 - (12 - 1)
-2
What is the value of -29 - (-132 + 117 - (-1 - 3))?
-18
What is the value of (12 - 13) + -20 - -11?
-10
8 + -1 + -2 - (62 - 17 - 15)
-25
(-21 - (14 + -27)) + 14
6
Calculate 78 + (-23 - 56) - (16 - 1).
-16
6 + (0 + -11 - -7 - 17 - -2)
-13
22 + (-56 + 5 - -16)
-13
-95 - -103 - (-4 - (-21 + 4))
-5
What is 8 + (8 - (17 + -11)) - -2?
12
Calculate -4 - (2 - 1) - (-126 - -122) - 25.
-26
What is 8 - (-22 + 19 - (0 - 8))?
3
Evaluate 26 + -4 - 20 - (1 + 6 + -1).
-4
1 + 11 + -87 + 88
13
Evaluate -8 - (-19 + -9 - -20).
0
What is -3 + (8 - (9 - 17 - -5))?
8
2 + (2 - -2 - 1) + -90 + 90
5
Evaluate 3 + -6 + 2 + (-3 - -6) + -5.
-3
What is the value of 1 - (-3 + -4 + 23) - -7?
-8
Calculate (11 - 29 - -13) + (0 - (3 + 4)).
-12
What is the value of 5 - (22 + 16 + -25) - (1 - -2)?
-11
What is the value of -1 - (24 - 1 - 25)?
1
Evaluate 47 + -55 + -22 + 29.
-1
What is the value of -21 + 17 + (-9 - 2)?
-15
Calculate -8 - (-6 + 11 - (-9 - -11)).
-11
What is (5 + -22 - -19) + (-4 - -9) + 5?
12
What is 4 - (-14 - (-10 - 1) - -3)?
4
Evaluate 11 + -19 + -9 - (-9 + 6).
-14
-29 + -32 + 32 + 22
-7
(13 - 8 - 9) + -41 + 56
11
Evaluate 3 - (-2 + -18 + -4 + 8).
19
0 - ((77 - 71) + 1 + -1) - 8
-14
Evaluate 34 - -1 - (-353 - -400).
-12
What is the value of 14 + (14 - 9) + (0 - (-3 - 0))?
22
Evaluate (-12 + 13 - (-2 - -2)) + (9 - -1).
11
Calculate 3 - (5 - (3 + 1)) - (-32 - -51).
-17
(-14 - (11 + -49)) + -26
-2
Calculate -1 - 2 - (25 + -53 + 12).
13
Evaluate (17 + -4 - 6) + 2 + -13 + 7.
3
Evaluate (-19 - -23 - (2 - -3)) + 0 + -4.
-5
Evaluate -2 + (-21 - -21 - 13).
-15
Evaluate -13 - ((-18 - -39) + -29).
-5
Calculate -30 - (-43 + 2) - (-1 + 23).
-11
What is the value of (3 - (1 - 4)) + 3 + -8 + -6?
-5
Calculate -1 - (-13 + 6 - 8).
14
Evaluate -4 + 0 - (18 + 1 - 19).
-4
Calculate 3 + 9 + -8 + -11 - -12.
5
Evaluate -2 + 23 - (-3 + 15).
9
What is the value of -29 + 16 + 12 - (10 + 2)?
-13
-11 + 8 + -31 + 9 + -3
-28
Calculate (13 + (2 - 14) - (2 - -6)) + -5.
-12
(18 + -4 - -11) + -11 - (-2 + 5)
11
Calculate 14 + 22 + (14 - 26).
24
Calculate -1 - -6 - (7 + -7 + 15).
-10
What is the value of (-3 + (-8 - 1) - -12) + -15?
-15
What is the value of -5 + 3 - (-8 - 6)?
12
What is (-12 - -26) + (-11 - -12)?
15
6 - -1 - (-9 - (22 + -28))
10
What is 0 + 0 + (10 - 15) + -1 + 24?
18
Evaluate 517 + -500 - (7 - 1).
11
2 + 1 + -4 + (7 - (3 + -3))
6
Calculate (0 - 9) + (5 - (15 - 32)).
13
5 - (7 + -6 + 6) - (0 - 2)
0
What is the value of 26 - 1 - (-19 + (56 - 36))?
24
Calculate (3 - (-6 + 13)) + -3 + (9 - 7).
-5
Evaluate -18 - (-14 + (10 - 40)).
26
What is -10 + 10 + 21 + -11 - 34?
-24
What is the value of -2 + 5 + 0 + -2 + (0 - -2)?
3
What is -4 - (9 + -1 + (16 - 16))?
-12
(-420 - -448) + -1 + -15
12
Evaluate -14 - ((-29 - -13) + 7).
-5
What is the value of -14 - (-1 + -5) - (-15 + 2) - 2?
3
What is 11 - (-1 + -43 + 6 + 18)?
31
What is (43 - 29 - 10) + (-20 - 1)?
-17
Evaluate 0 - -12 - (37 + -30 + -5 + 12).
-2
What is the value of 3 - (-2 + -1 - -13 - -5)?
-12
Calculate (-7 - (-13 - (-8 + 4))) + 5 - 6.
1
What is the value of 12 + -18 + -10 + 16?
0
Calculate 4 + -1 + 1 + 1 + -3.
2
-6 + (3 + 0 - 0) + (-41 - -39)
-5
What is -5 + -16 + 4 + 42?
25
(-36 - 9) + -12 - (-18 - 2)
-37
What is the value of -31 + -12 + 16 + 2?
-25
What is 6 - ((-2 + -4 - (-6 + 1)) + 5)?
2
What is (-17 - -7) + 19 - -10?
19
What is the value of -92 - -106 - (4 - -28)?
-18
What is (-19 - -10) + 2 + -7 + 11?
-3
11 - (1 - -4 - 3 - -12)
-3
Evaluate (24 - 22) + -41 - -18.
-21
Evaluate -7 - ((3 - -2) + -13 + 3 + -18).
16
What is the value of -576 + 576 + (0 - -7)?
7
What is (3 - (3 - -4)) + -5 + 8?
-1
What is -1 + -17 + 36 + 1 - 12?
7
What is the value of -1 + (-1 - -6) + -58 + 46?
-8
-19 + 18 + -12 + 12
-1
What is 8 + (-10 - -7) + -13 - (-6 + 16)?
-18
What is the value of 28 - (27 - (-9 + 18))?
10
Evaluate -9 - ((-44 - -54 - (60 + 1)) + 9).
33
What is the value of 3 + -4 + (-2 - 14 - -7)?
-10
(4 - 5) + (3 - 1) - (-120 + 122)
-1
Evaluate 21 + (-71 - -39 - -12).
1
Evaluate (-3 - (6 + -5 - 5)) + (-1 - 1).
-1
What is (12 - ((6 - 10) + 17)) + -16 + 0?
-17
38 + 20 + (27 - 61)
24
What is the value of -2082 + 2105 + -30 + 0?
-7
Calculate -7 - -4 - (0 + (-13 - -5) + 4).
1
What is the value of -11 + 4 + 16 - 4 - -1?
6
Evaluate 27 - (5 - 0 - (-23 - -34)).
33
Evaluate 23 + -2 + -36 - (0 - 39).
24
What is (1 - 21) + (-1 - (6 - 13))?
-14
Calculate -2 - 1 - (28 + 3 + -25).
-9
What is -1 + (15 - 6 - -8) + 1 + 0?
17
What is the value of 15 + (-26 + 33 - -6)?
28
Evaluate (7 - -15) + (37 - 43).
16
(-7 + -4 - -26) + 7 - (7 - -1)
14
Calculate 5 - (7 + (10 - (26 + -9))).
5
What is 0 - (1 - (-1 - (0 - (3 - 0))))?
1
What is (7 + -12 - -11 - 2) + -17?
-13
What is the value of (-1 - 9 - -1) + 0 + 2?
-7
What is (-67 - (-25 + 3)) + 44?
-1
What is the value of 15 + -5 + 1 + 16 - 2?
25
-5 + 22 + -37 + 41
21
Evaluate (-3 - 0) + -4 - (-15 - 0).
8
Calculate 11 + (-6 - -19 - 6) + -4.
14
What is -12 - (0 - (14 + 1))?
3
What is -40 + 1 - (-255 - -229)?
-13
0 + 17 - (-6 + -5 + 5 - -7)
16
What is -69 + (49 - 3) - (1 - 8)?
-16
Calculate -24 - -22 - (0 + -8 + -2).
8
Calculate 10 + 34 + -1 + -26.
17
Calculate 0 + 1 + -16 + 35 + -13 - -1.
8
Evaluate -2 + -7 - (21 + -11 + 2 - -9).
-30
317 + -353 + 63 + -1
26
What is 7 + -2 + (-8 + 3 - -8) + 1?
9
What is 9 - (2 - ((-5 - -3) + 7 - 3))?
9
What is (-10 + 1 - (-16 - 0) - -12) + -2?
17
Calculate (-24 + 38 - 30) + 28.
12
-1 + 9 - (27 + -26)
7
8 + (-9 + 12 - (2 - (-19 + 4)))
-6
Calculate 24 + -9 + -5 - (4 - -4).
2
What is 5 + (-2 - (-8 + 11 + -1)) + 9?
10
Calculate -12 + (28 - -10) + -18.
8
20 + (3 - (-3 + 4)) - (-22 - -25)
19
What is the value of -4 + (3 - -5) + -3 + -5?
-4
What is -2 - 27 - (1198 + -1247)?
20
Evaluate 5 - (9 + -32 - -7).
21
-11 + 1 + 5 + -72 + 72
-5
Evaluate (12 - -1) + (-11 - (5 - 0)).
-3
What is the value of (5 - (22 + -5) - (-6 - -7)) + 1?
-12
What is the value of -5 + (-12 + 7 - -6) + 11 + -20?
-13
What is the value of (-21 - (-14 + -2)) + 12 + 0 + 3?
10
Calculate -2 + (-5 - 1) + -35 + 61 + -31.
-13
Calculate -24 + (39 - (-14 + 12)).
17
Evaluate (-7 - (-26 - -8)) + -23.
-12
What is 5 + 2 + -2 + 8 + (6 - 9)?
10
Calculate 0 - (11 - 10) - (15 - 5).
-11
(67 - 55) + (-4 + 5 - (-3 + 1))
15
-6 + -2 + -10 + 18
0
What is (4 - (-6 + 7)) + 21?
24
Evaluate (-6 - 16) + 2 - -9 - 13.
-24
What is the value of 52 + (-16 - 43) + 2 + 5 + 0?
0
(6 - (-7 - -8)) + (5 - (-1 - 2))
13
What is the value of -31 + -42 + (29 - -36)?
-8
What is 21 + (-9 + 12 - 6)?
18
Evaluate 5 + ((6 - (0 - -6)) + 7 - -4).
16
Evaluate -150 - -153 - (10 + 2).
-9
What is the value of (22 - -20) + -46 + (2 - (15 - -1))?
-18
Evaluate (-3 - 24) + (-14 - -22) + -9.
-28
0 + -2 + 2 + (-1 - 1) - 16
-18
Evaluate 6 + -3 + (6 - 4).
5
What is -36 + 36 - ((-1 - 13) + -1 + 1)?
14
Evaluate -282 + 304 - (-5 + -9).
36
Evaluate 1 - 6 - (49 - 36)